ens digit of n(2)?
8
Let z be 12/(-15)*90/(-12) + 2977. Let j = -1929 + z. What is the thousands digit of j?
1
Let a(p) = 2*p**2 + 12*p - 41. Let x be a(4). Suppose -x = -t + 32. What is the tens digit of t?
7
Let l be (4306/(-4) - 2)*28/(-21). Suppose -11*x + l = 96. What is the tens digit of x?
2
Let p be 155/(-2)*12/(-10). Suppose -n + 2*u = 2*n - p, -n + 45 = 4*u. Let x = n - 4. What is the units digit of x?
9
Let z be (1 - (-71)/(-2))*-2. Suppose -17 - z = -2*w. Let s = -8 + w. What is the tens digit of s?
3
What is the tens digit of 6*6724 - (4/(-14) - 2970/385)?
5
Let i(h) = h**2 + 47*h + 39. Let n be i(-24). Let b = n + 885. What is the tens digit of b?
7
Let y(i) = -7935*i + 12861. What is the thousands digit of y(-9)?
4
Let b(j) = 36*j - 294. Let l be b(8). Let q(f) = 20*f**2 + 6*f + 29. What is the units digit of q(l)?
3
Let y be (2 - 0)/(((-84)/(-14))/(-6)). What is the tens digit of (-98 - -30)/(-3*y/(-123))?
9
Suppose 6 = 4*j + 26. Let f(h) be the first derivative of -39*h**2/2 - 42*h - 9406. What is the tens digit of f(j)?
5
Suppose 31*u + 21 = 38*u. Suppose 11 = -u*s + 17. Let m(j) = 16*j**3 - 2*j**2 + j + 2. What is the hundreds digit of m(s)?
1
Let o(t) = t**2 - 3*t + 29. Let d(u) = 3*u**2 + 14*u - 5. Let r be d(-4). What is the tens digit of o(r)?
3
Let r = -19063 + 33270. What is the thousands digit of r?
4
Let w = 25241 + -14294. What is the units digit of w?
7
Let x(j) = -3*j - 35. Let z be 8 - (-100)/(-12) - (-80)/6. Let y be x(z). Let v = y - -99. What is the units digit of v?
5
Let v(g) = g**3 + 13*g**2 - 8. Let u be v(-13). What is the units digit of (-230)/184 + (-1322)/u?
4
Let i = 6472 + -1589. What is the thousands digit of i?
4
Let q(t) = 10*t - 321 + 179 + 280. What is the hundreds digit of q(19)?
3
Suppose -r + 278*m - 277*m + 5113 = 0, -3*m + 15351 = 3*r. What is the tens digit of r?
1
Suppose 266 = -3*u - 124. Let y = 133 + u. Suppose -5*x + y*x + 46 = 0. What is the units digit of x?
3
Let q(y) = 1 + 9 + y + 0. Let s be q(0). Suppose -172 = -s*b + 6*b. What is the tens digit of b?
4
Let n(s) = 17*s - 7. Let k(x) = -34*x + 13. Let q(d) = d + 5. Let j be q(-8). Let c(z) = j*k(z) - 5*n(z). What is the units digit of c(3)?
7
Suppose -4*q - 15*q - 2*q = 0. Suppose -11*a + 5128 - 1322 = q. What is the units digit of a?
6
Let c(j) = -j**3 + 3*j + 7. Suppose -4*f - 2 = -4*q + 454, -2*q - 220 = 2*f. Let w = f - -112. What is the units digit of c(w)?
7
Let a = 150298 + -104316. What is the tens digit of a?
8
Let x = -114 + 16. What is the tens digit of (-24)/8 - (x - 2)?
9
Suppose 8*w - 3570 = 15*w. Let u = w - -1525. What is the tens digit of u?
1
Let m = -471 - -570. Suppose -5*o - n + 7161 = 0, -3*o + 4283 = -95*n + m*n. What is the thousands digit of o?
1
Let j(w) = -3198*w**2 + 8 + 3202*w**2 + 7. What is the units digit of j(12)?
1
Suppose 5*k - z + 295 = 0, 8*k + 217 = 4*k - 3*z. What is the hundreds digit of (2 - k)*341/124?
1
Let n be 3 - ((-5)/(15/(-6)) - -2). Let b be (((-2)/3)/(n/9))/2. What is the tens digit of (7224/49)/1 - b/7?
4
Let y = 27688 + -11646. What is the ten thousands digit of y?
1
Suppose c - 2706 = -219. What is the thousands digit of c?
2
Suppose -987 = -5*r - 0*o - 3*o, r - 179 = 4*o. Suppose 4*v - r = 113. What is the tens digit of v?
7
Let b be (6 - 5)/(3/(-1410)). Let u = b + 711. What is the hundreds digit of u?
2
What is the units digit of 1*-1*(-4998 + -1)?
9
Let w(z) = 4*z**3 - 17*z**2 - 15*z + 11. Let t(u) = -3*u**3 + 16*u**2 + 15*u - 10. Let l(a) = -3*t(a) - 2*w(a). What is the units digit of l(15)?
8
Let b be 3/((-9)/(-12)) + 10/5. What is the hundreds digit of b + (138 - -6) - -1?
1
Suppose 0 = 6*z - 2*z - 20. Suppose -4*c + g = -12, 4*g + 15 = z*c + 2*g. What is the tens digit of (44 + 1)/c - (1 + 1)?
1
Suppose 15 = -5*s - 3*i, s - 2*i + 1 - 11 = 0. Suppose -6*a + 891 + 303 = s. What is the tens digit of a?
9
Let f(h) = 99*h**2 - 131*h - 1518. What is the thousands digit of f(-11)?
1
Suppose 0 = 51*x - 116634 - 159021. Suppose 2*q - 3*c = 1183 + 998, -5*q + x = 2*c. What is the thousands digit of q?
1
Let v(c) = -509*c + 12*c**2 + 500*c - c**3 + 11 + 5*c**2. What is the tens digit of v(14)?
7
Suppose -137*q = -148*q - 7062. What is the tens digit of (28/(-6) - 0)/(4/q)?
4
Suppose -76*h + s - 58 = -81*h, 5*h = 5*s + 70. What is the tens digit of 1/3 - (13 + (-10940)/h)?
9
Suppose 8*p - 6*p - 24 = 0. Suppose -2*g = -10, 4*a - 13*g + p*g - 2071 = 0. What is the hundreds digit of a?
5
Let t = -83 - -87. Let f be ((-21)/6 + 3)*0. Suppose -5*n - t*n + 1260 = f. What is the hundreds digit of n?
1
Suppose -3*i - 20 + 59 = 5*g, 4*i = 5*g + 17. Let k = 11 - i. Suppose -2*l - l + 202 = 4*d, -4*l - k*d + 260 = 0. What is the tens digit of l?
6
Let o be 27/45 - (-2)/5. Let z be (1/((-3)/(-141)))/o. Let x = z - -16. What is the units digit of x?
3
Suppose 0 = 11*s - 22*s + 220. Suppose 3612 = 4*w + u, s*w - u = 17*w + 2702. What is the hundreds digit of w?
9
Suppose 11*s - 172982 = 2*s - 42860. What is the units digit of s?
8
Suppose 11*o = 2*o - 54. What is the tens digit of 57424/104 - o/(-39)?
5
Let b be (3 - -2)*1 + (-27 - -29). Suppose -5852 = -b*g + 2583. What is the tens digit of (-4)/(4 - g/300)?
4
Let k = 2140 - 1497. Suppose 0 = -4*g + 637 + k. What is the hundreds digit of g?
3
Let t(p) be the second derivative of p**5/20 - p**4/2 - 2*p**3 - p**2/2 - p. Let i be -1 + 6 - (-168 - -164). What is the hundreds digit of t(i)?
1
Let h(w) = 33*w - 16. Suppose -5*l - 122 = -y, -5*l + 118 = 3*y - 148. Suppose -92*d + y*d = 20. What is the tens digit of h(d)?
1
Let g be (9 + -8)*(-3271)/(-1). Suppose g = 17*p - 6232. What is the tens digit of p?
5
Suppose -2*j + 10705 = 3*x, -2*x + x + 2*j + 3579 = 0. What is the units digit of x?
1
What is the tens digit of (-7)/(14/(-1670)) + 2 + 9/3?
4
Let v = -40 - -44. Suppose 0 = 5*o - v*o - 4. Suppose 1 - 9 = -4*u, 4*l + o*u = 376. What is the tens digit of l?
9
Suppose t - 41752 = -3551*i + 3547*i, -4*t + 4*i + 167008 = 0. What is the tens digit of t?
5
Suppose -2*i + 3*c = -76439, -449*c = -453*c + 12. What is the hundreds digit of i?
2
Let t be -525*-4*6/(-18). Let p = 1278 + t. What is the tens digit of p?
7
Let u be (6 + 0)/(-5 - 21/(-6)). Let c(g) = -2*g - 5. Let k be c(u). Let y(l) = 10*l**2 - 3*l + 12. What is the tens digit of y(k)?
9
Suppose -l = 2*l - 9. Let t(m) = m + 12 + m + m**l + 8*m**2 + m. What is the tens digit of t(-6)?
6
Suppose 0 = 5*f + 39 + 96. Suppose 0 = -8*l - 9*l + 1530. Let n = f + l. What is the units digit of n?
3
Let c(b) = -2*b + 7. Let x be c(-1). Suppose 0 = x*w - 3*w - 72. Let h(r) = -r**3 + 12*r**2 + 14*r - 1. What is the tens digit of h(w)?
6
Let x(q) = 10*q - 109. Let k be x(23). What is the units digit of k/(-3)*-11 + (-26)/39?
3
Suppose z + 3*c + c = 7993, 5*c = -4*z + 32027. What is the tens digit of z?
1
Let w(z) = -z**3 + 18*z**2 + 12*z + 136. Let x be w(19). Suppose 0 = o - 3 + 2. What is the tens digit of x/(o + -4) - -68?
6
Let n be 7/(-2)*(-36)/(-63)*-1. Suppose 0 = 4*k + u - n*u - 1592, 3*u = -4*k + 1608. What is the tens digit of k?
9
Suppose -2*s + 0*n - n + 91 = 0, 15 = 5*n. Let v be 19/3*6/(-1). Let h = v + s. What is the units digit of h?
6
Let z(w) = -2*w**3 - 30*w**2 - 2*w + 22. Suppose -5*q + 17 = -9*u + 8*u, 0 = q. What is the tens digit of z(u)?
1
Suppose 8 = -z - 5*r, 3 = z + r - 1. What is the units digit of z/28*4 - (-326 + -2)?
9
Let m(a) = -442*a + 7. Let h be (-2)/(-8) + 3/(-8)*6. What is the units digit of m(h)?
1
What is the thousands digit of 0 - -4 - 26/((-962)/2779181)?
5
Suppose 0*x - 3*x = n - 83, -2*x = -4*n + 388. What is the tens digit of 1318/10 + 19/n?
3
What is the tens digit of ((-9)/4 - -2)/((-10)/(-40))*-4203?
0
Suppose 3*x - 2 = -8, 3*b - 2*x - 2371 = 0. Suppose 0 = -2*u - u + b. What is the hundreds digit of u?
2
Let s be -4 + 4/4*9. Suppose -2*d + 16 = -2*t, -3*d - 14 = -s*t - 44. Suppose 175 = d*l - 215. What is the tens digit of l?
7
Let t = 35910 + -14831. What is the units digit of t?
9
Let k = -164 - -316. Suppose 4*r + 7 = 5*r. Suppose -r*o = o - k. What is the tens digit of o?
1
Suppose -8517 = -11*a - 1719. Suppose -4*p = 78 - a. What is the tens digit of p?
3
Let d(c) = c**3 - 18*c**2 + 15*c + 34. Let a be d(17). Suppose 11*b - 17978 + 2501 = a. What is 